n + 26 = 0. What is the tens digit of f?
5
Suppose 5*s + 3 = 2*s. Let b be s/3 + 14/(-21). Let x = b - -2. What is the units digit of x?
1
Let d(u) = -35*u - 21. Let h = 13 - 19. What is the hundreds digit of d(h)?
1
Let x(f) = -99*f - 9. Let b(s) = -98*s - 8. Let t(z) = 7*b(z) - 6*x(z). What is the tens digit of t(-2)?
8
What is the hundreds digit of (318/(-265))/(-1*6/2380)?
4
Suppose -g + 0*g - 8 = 0. Let j(b) = -31*b + 29*b - 6 + 13*b - 6*b**2 - b**3. What is the units digit of j(g)?
4
Suppose 3*d - 2481 = -2*d + 3*k, 1000 = 2*d - 5*k. Suppose 3*v = -4*t + d, -5*t - 2*v = v - 618. What is the units digit of t?
3
Let j be 90/75*(-2)/((-6)/5). Suppose s = -4*s + 25, j*s = -3*x + 361. What is the tens digit of x?
1
What is the units digit of -3*385/(-140)*52/3?
3
Let k be (-16)/40 - (-412)/5. Let j = -24 + k. What is the tens digit of j?
5
Let t = 7 - -18. Suppose 4*l + t = -l. Let c = -4 - l. What is the units digit of c?
1
Let s be -15 - (-11 - -3)/4. Let o = -14 + 10. Let m = o - s. What is the units digit of m?
9
Let y(t) = 41*t**3 - 2*t**2 + 1. Let a(m) = -3*m - 7. Let v(o) = -4*o - 10. Let i(l) = 7*a(l) - 5*v(l). Let u be i(0). What is the tens digit of y(u)?
4
Suppose -94*j - 5365 = -99*j. Suppose -j = -4*r - 145. What is the tens digit of r?
3
Suppose 3*g = -2*g + 1200. Suppose -15*s + g = -10*s. What is the tens digit of s?
4
Suppose -29*b + 1290 = -24*b. What is the tens digit of b?
5
Let i(k) = 3*k**3 + k**2 - 6*k - 5. Let s(n) = 8*n**3 + 4*n**2 - 17*n - 15. Let h(f) = 11*i(f) - 4*s(f). What is the tens digit of h(6)?
5
Let j = -15 - -17. Suppose -2*z - 18 = -5*s, 4*s - 2 - 19 = -5*z. Suppose -j*i + s*m + 52 = -0*i, 0 = -4*i + 4*m + 84. What is the tens digit of i?
1
Let y(m) = 15*m**2 + 21*m + 431 + 432 - 868. What is the tens digit of y(4)?
1
What is the hundreds digit of (0 - 2)*2000/(-32)?
1
Suppose 4*g = -2*l + 2279 + 555, 2*g = 4*l - 5618. What is the tens digit of l?
0
Let f be 1/((3/(-4))/(-3)). Suppose -2*z - 5*y = -4*z - 96, f*y - 240 = 5*z. Let x = z - -76. What is the units digit of x?
8
Suppose 41 = 7*v - 246. Let k = v + 80. What is the tens digit of k?
2
Suppose -5*s - 5*x + 5 = 0, -3*s - 3 = -3*x - 0. Suppose s = -f - 0*f + 3. Suppose 0 = 4*n - 4*p - 27 + f, -4*n - p = -39. What is the units digit of n?
9
What is the hundreds digit of 557/1 - (4 + -6 + 0)?
5
Let b(z) = -z**2 - 27*z - 19. Let m be b(-12). Suppose 4*x + u = m, -3*x - 73 = -5*x - 3*u. What is the units digit of x?
1
Let o(b) = 13*b**3 + b**2 + 2*b - 2. Let y be o(1). Suppose -186 = -4*n - y. Suppose -20 = -2*j + 3*i, 3*j + i = -i + n. What is the units digit of j?
3
Let p(i) = -60*i - 107. What is the tens digit of p(-8)?
7
Let h be ((-186)/(-8))/((-51)/(-544)). Suppose 1343 = 5*g + h. What is the tens digit of g?
1
Let d = -31 - -34. Suppose 2*c = -p + 101, 5*c - 215 = d*p + 2*p. What is the tens digit of c?
4
Suppose -3*y - 4 = -5*y. Suppose -c + 38 = y. What is the units digit of c?
6
Let q(g) = 18 - 52 + 21 + 68*g + 21. What is the hundreds digit of q(4)?
2
Let o = 7065 + -4973. What is the thousands digit of o?
2
Let r(h) = 5*h**2 - 113*h + 18. What is the thousands digit of r(33)?
1
Let j = 78 - 148. What is the units digit of (-28)/j - 1/(-5)*193?
9
Let a(v) be the first derivative of 0*v**2 - 1/4*v**4 + 3 + 0*v - 5/3*v**3. What is the tens digit of a(-6)?
3
Let l(m) = 3*m**2 + 2*m - 33. Let o = -113 + 103. What is the tens digit of l(o)?
4
Suppose -2 - 4 = a. Let d(v) = -v**2 - 5*v + 4. Let k be d(a). Let r = 12 + k. What is the tens digit of r?
1
Let s = -14 + 56. Suppose p = -3*y + s + 137, 4*p - 3*y - 671 = 0. Suppose -11*q + p = -6*q. What is the units digit of q?
4
Let o = 494 - -192. What is the tens digit of o?
8
Suppose -z - 2 = -0, -3*a + 5*z + 109 = 0. What is the tens digit of a?
3
Let h(k) = -k**3 + 1. Let a(q) = 6*q**3 + 6*q**2 - 2*q - 2. Let n(d) = a(d) + 5*h(d). Let c be (-9)/27 - (-34)/(-6). What is the tens digit of n(c)?
1
Let d = 5617 - 2771. What is the tens digit of d?
4
Let a(v) = -6*v**2 - 9*v**2 + 2 + 14*v**2 + v. Let d be a(0). Suppose -d*w + 6*w = 48. What is the tens digit of w?
1
Let x(t) = 156*t - 6. What is the tens digit of x(4)?
1
Let f be (-31 + 0 + (-4 - -1))/2. Let b = f - -28. What is the units digit of b?
1
Suppose -4*u - 2*i + 3 = -7, 4*u - 25 = 3*i. Suppose 3*l = u*l + 42. Let f = l + 79. What is the units digit of f?
7
Suppose -v - 52*n + 53*n = -2398, -3*n = -9. What is the hundreds digit of v?
4
Suppose -15*v + 18082 + 2438 = 0. What is the units digit of v?
8
Suppose 5*u + b = 440, -10*b + 6*b - 440 = -5*u. What is the tens digit of u?
8
Let w(x) = -999*x**3 + x**2. Let g be w(-1). Suppose c - 5*c + 3*y - 800 = 0, -3*y = 5*c + g. What is the tens digit of ((-6)/10)/(8/c)?
1
Let a(b) = -b**3 + 15*b**2 + 2*b + 22. Suppose 0 = -5*j + 5*k + 40 + 40, 3*j + 5*k - 40 = 0. What is the tens digit of a(j)?
5
Let h be (4 - (0 - -2)) + 0/(-1). Suppose -a = -4*b - 241, -4*b = -h*a + 3*a - 257. What is the hundreds digit of a?
2
Let o(p) = p**3 - 8*p**2 + 10*p - 5. Let x(r) = r - 5*r**2 - r**3 - 2*r + 3*r + 3 - 7*r. Let i be x(-4). What is the tens digit of o(i)?
1
Suppose 2*b - m - 36 = m, 2*b - 30 = -4*m. Let c(h) = 14*h + 40. What is the units digit of c(b)?
8
What is the units digit of ((-6)/(-5))/(12 - 445644/37140)?
8
What is the units digit of (-4482)/(-9)*(-1)/(0 + -2)?
9
Let f = 2408 - 1703. What is the hundreds digit of f?
7
Let j(w) = -w**3 - 5*w**2 + 6*w + 9. Let i be j(-6). Suppose -4*b + 3*y + 144 = -b, 3*y = -i. Let p = b + -27. What is the units digit of p?
8
Suppose 0 = 2*y + 3*d + 265 - 1352, -y + 3*d + 548 = 0. What is the hundreds digit of y?
5
What is the thousands digit of (-107)/(-428) + (0 - 18670/(-8))?
2
Let m(b) = 2*b**2 - 3*b**2 - b - b**2 - b**3 - 2*b**2 + 2. Let w be m(-2). What is the units digit of w*((-3)/4)/3?
1
Let t(p) = p - 1. Let h be t(2). Suppose -2*i + h = -u, -3*i + 2 = -0*i - u. What is the tens digit of 2 + ((-24)/(-2) - i)?
1
What is the tens digit of 14/(-77) + 26364/44?
9
Let v = 106 - -2194. What is the units digit of v?
0
What is the units digit of (-2805)/30*(2 - 4)?
7
Let a(p) = p + 9. Let h be ((-1)/2)/((-4)/32). Let t be 2 + 0 - (h - -5). What is the units digit of a(t)?
2
Suppose -p = -3*o + 234, o + 3*o - 8 = 0. Let i = -90 - p. What is the tens digit of i?
3
Suppose -4*g = 5*a + 115, -a + 2*a + 23 = g. Let c = 26 + a. What is the units digit of c?
3
Let r(s) = -s**2 + 8 - 4 + 2*s - 25. Let l be r(0). Let b = 17 - l. What is the tens digit of b?
3
Let o(k) = k**3 + 22*k**2 + 24*k + 36. Let u be o(-21). What is the units digit of (-3)/2*u*(-59 - -63)?
2
Let l be -2 + 3 + -3 - 594/(-11). Suppose p = -j + l, 3*j - 2*p = -j + 226. What is the units digit of j?
5
Suppose 4*v - 10 = 6. Suppose -2 = 2*u + v*t + 4, 4*u - 5*t = -25. Let f = u + 18. What is the units digit of f?
3
Let p = -27 + 54. Suppose 27 = 2*j + 15. What is the units digit of ((-8)/j)/((-1)/p)?
6
Let v(d) = 32*d - 20. Let l(y) = -19*y + 10. Let n(i) = 10*l(i) + 6*v(i). Suppose -b - b = -24. What is the units digit of n(b)?
4
Suppose -156*o - 360 = -161*o. What is the units digit of o?
2
Suppose t - 488 = -4*f - 0*t, -2*t = 2*f - 250. Let s = 14 + f. What is the units digit of s?
5
Let g(r) = -3*r**2 - 18*r - 5. Let s be g(-5). Suppose -4*w - 21 = 5*p - s*p, -4*w = 4*p + 12. What is the units digit of p?
1
Let i(w) = w + 24. Let c be i(-20). Suppose -c*r = -8*r + 208. What is the units digit of r?
2
Let u = -216 + 240. What is the units digit of u?
4
Suppose 5 = 4*c - 7. Suppose 24 = c*w - 7*w. Let k = 23 + w. What is the units digit of k?
7
Let j(c) = c**3 + 10*c**2 + 7*c - 21. Let a be 0/2 - -1*(-24)/3. What is the units digit of j(a)?
1
Suppose 2 = -w + 6. Suppose 0*s + 12 = w*s. Let z(h) = 2*h**2 - 2*h - 3. What is the units digit of z(s)?
9
What is the thousands digit of (1 + 333)/(3/15)?
1
Let f(r) = -r**2 - 7*r - 15. Let d be f(-8). Let s = 4 + d. Let z = 42 + s. What is the tens digit of z?
2
Let v be (-424)/6 - (-4)/(-12). Let j = 162 + v. Let z = -57 + j. What is the units digit of z?
4
Let w(g) = -39*g**2 - 1. Let s be w(-1). What is the units digit of (s/14)/(7/(-49))?
0
Suppose 0 = 5*l - 1080 + 390. Let z be 32/8 - (-2 - l). Suppose 77 = 4*b - 3*g - 74, 4*b + 4*g = z. What is the uni